{"id":225,"date":"2021-10-06T12:09:56","date_gmt":"2021-10-06T12:09:56","guid":{"rendered":"https:\/\/indienhilfe-franklin.de\/?page_id=225"},"modified":"2021-11-03T16:49:17","modified_gmt":"2021-11-03T16:49:17","slug":"hungermarsch","status":"publish","type":"page","link":"https:\/\/indienhilfe-franklin.de\/?page_id=225","title":{"rendered":"Hungermarsch in Hagenbach"},"content":{"rendered":"\n<p>Der  n\u00e4chste Hungermarsch findet am <strong>Sonntag, 27. M\u00e4rz 2022<\/strong> statt<\/p>\n\n\n\n<h3 class=\"wp-block-heading\">Allgemeines zum Hungermarsch<\/h3>\n\n\n\n<p>Der Hungermarsch der Indienhilfe hat bereits gro\u00dfe Tradition. Es gibt ihn schon seit dem Jahr 1981. Er findet allj\u00e4hrlich im M\u00e4rz statt und f\u00fchrte bis 2019 \u00fcber 25 km quer durch den sch\u00f6nen Bienwald. Der Ausgangspunkt ist Hagenbach. Dort wird der Tag traditionell mit einem ganz besonders gestalteten Gottesdienst begonnen. <\/p>\n\n\n\n<p>F\u00fcr eine ansprechende musikalische Gestaltung mit modernen Rhythmen ist gesorgt. Dann machen sich die Teilnehmer auf den Weg. In den Jahren 2020 und 2021 musste der Hungermarsch bedingt durch Corona ausfallen. Ab 2022 betr\u00e4gt die neue Strecke 20 km. F\u00fcr die Verpflegung der Marschierer ist bei den Stationen B\u00fcchelberg (Mittagessen) und Berg (Kaffee und Kuchen) gesorgt. Den Abschluss bildet wiederum Hagenbach, wo es nochmals Kaffee und Kuchen sowie ein indisches Spezialgericht gibt.<\/p>\n\n\n\n<h3 class=\"wp-block-heading\">Wie wird den Armen durch den Hungermarsch geholfen?<\/h3>\n\n\n\n<p>Bei jedem Teilnehmer k\u00f6nnen sich vor dem Hungermarsch Freunde, Bekannte, Arbeitskollegen, usw. auf dessen Teilnehmerkarte mit einem Spendenbeitrag (eine Art Kilometergeld) eintragen. Nach dem Hungermarsch \u00fcberweist der Teilnehmer dann die eingesammelten Betr\u00e4ge auf eines unserer Spendenkonten.<br>Jedes Jahr werden so durch den Hungermarsch unterschiedliche Hilfsprojekte in Indien unterst\u00fctzt. Wenn Sie beim n\u00e4chsten Hungermarsch dabei sein oder die Teilnehmer unterst\u00fctzen wollen, dann melden Sie sich bei&nbsp;<a href=\"https:\/\/indienhilfe-franklin.de\/kontakt-und-spende\" data-type=\"page\" data-id=\"18\">uns<\/a>.<\/p>\n","protected":false},"excerpt":{"rendered":"<p>Der n\u00e4chste Hungermarsch findet am Sonntag, 27. M\u00e4rz 2022 statt Allgemeines zum Hungermarsch Der Hungermarsch der Indienhilfe hat bereits gro\u00dfe Tradition. Es gibt ihn schon&hellip;<\/p>\n","protected":false},"author":1,"featured_media":0,"parent":272,"menu_order":0,"comment_status":"closed","ping_status":"closed","template":"","meta":{"footnotes":""},"class_list":["post-225","page","type-page","status-publish","hentry"],"_links":{"self":[{"href":"https:\/\/indienhilfe-franklin.de\/index.php?rest_route=\/wp\/v2\/pages\/225","targetHints":{"allow":["GET"]}}],"collection":[{"href":"https:\/\/indienhilfe-franklin.de\/index.php?rest_route=\/wp\/v2\/pages"}],"about":[{"href":"https:\/\/indienhilfe-franklin.de\/index.php?rest_route=\/wp\/v2\/types\/page"}],"author":[{"embeddable":true,"href":"https:\/\/indienhilfe-franklin.de\/index.php?rest_route=\/wp\/v2\/users\/1"}],"replies":[{"embeddable":true,"href":"https:\/\/indienhilfe-franklin.de\/index.php?rest_route=%2Fwp%2Fv2%2Fcomments&post=225"}],"version-history":[{"count":4,"href":"https:\/\/indienhilfe-franklin.de\/index.php?rest_route=\/wp\/v2\/pages\/225\/revisions"}],"predecessor-version":[{"id":420,"href":"https:\/\/indienhilfe-franklin.de\/index.php?rest_route=\/wp\/v2\/pages\/225\/revisions\/420"}],"up":[{"embeddable":true,"href":"https:\/\/indienhilfe-franklin.de\/index.php?rest_route=\/wp\/v2\/pages\/272"}],"wp:attachment":[{"href":"https:\/\/indienhilfe-franklin.de\/index.php?rest_route=%2Fwp%2Fv2%2Fmedia&parent=225"}],"curies":[{"name":"wp","href":"https:\/\/api.w.org\/{rel}","templated":true}]}}