{"id":18,"date":"2021-08-31T08:51:07","date_gmt":"2021-08-31T08:51:07","guid":{"rendered":"https:\/\/indienhilfe-franklin.de\/?page_id=18"},"modified":"2022-02-21T18:20:16","modified_gmt":"2022-02-21T18:20:16","slug":"kontakt-und-spende","status":"publish","type":"page","link":"https:\/\/indienhilfe-franklin.de\/?page_id=18","title":{"rendered":"Kontakt und Spende"},"content":{"rendered":"\n<p>Sie wollen uns unterst\u00fctzen?<br>Bei uns kann jeder seinen pers\u00f6nlichen Beitrag leisten, sei es durch eine Patenschaft oder durch die Organisation und Durchf\u00fchrung von Basaren und anderen Aktionen, Gr\u00fcndung eines Aktivenkreises, Werbung durch Mundpropaganda im Freundes- und Bekanntenkreis und nat\u00fcrlich auch durch Spenden.<\/p>\n\n\n\n<p>Spendenkonten:<\/p>\n\n\n\n<p>Sparkasse S\u00fcdpfalz&nbsp;&nbsp;&nbsp;&nbsp;&nbsp;&nbsp;&nbsp;&nbsp;&nbsp;&nbsp;&nbsp;&nbsp;&nbsp;&nbsp; &nbsp;&nbsp;&nbsp;&nbsp;&nbsp;&nbsp;&nbsp;&nbsp; IBAN DE89 5485 0010 0026 0083 34<\/p>\n\n\n\n<p>VR Bank S\u00dcW-Wasgau eG&nbsp;&nbsp; &nbsp;&nbsp;&nbsp;&nbsp;&nbsp;&nbsp;&nbsp;&nbsp; IBAN DE37 5489 1300 0000 7370 03<\/p>\n\n\n\n<p>Um Kontof\u00fchrungsgeb\u00fchren zu sparen, bitten wir Sie, nach M\u00f6glichkeit die Bankverbindung der VR Bank zu w\u00e4hlen.<\/p>\n\n\n\n<p>Falls Sie eine Spendenquittung ben\u00f6tigen, geben Sie das bitte bei Ihrer \u00dcberweisung an oder schreiben Sie uns eine E-Mail an <a href=\"mailto:info@indienhilfe-franklin.de\">info@indienhilfe-franklin.de<\/a>&nbsp; .<\/p>\n\n\n\n<p> <\/p>\n\n\n\n<p><br>Sie wollen sich \u00fcber die Indienhilfe informieren?<br>Dann wenden Sie sich einfach an einen der folgenden <a href=\"https:\/\/indienhilfe-franklin.de\/was-ist-die-indienhilfe\/vorstand\" data-type=\"page\" data-id=\"16\">Ansprechpartner <\/a>oder schreiben Sie uns eine <a href=\"mailto:info@indienhilfe-franklin.de\">email <\/a>!<\/p>\n\n\n<style>.kadence-form-_12a99e-7d .kb-form .kadence-blocks-form-field .kb-forms-submit{background:#ff9933;border-color:#138808;box-shadow:1px 1px 2px 0px rgba(207, 46, 46, 0.2);}.kadence-form-_12a99e-7d .kadence-blocks-form-success{color:#ffffff;background:#138808;}.kb-form input.kadence-blocks-field.verify{opacity:0.0;position:absolute;top:0.0;left:0.0;width:0.0;height:0.0;z-index:-1;}<\/style>\n<div class=\"wp-block-kadence-form kadence-form-_12a99e-7d kb-form-wrap\"><form class=\"kb-form\" action=\"\" method=\"post\"><div class=\"kadence-blocks-form-field kb-field-desk-width-75 kb-input-size-standard\"><label for=\"kb_field__12a99e-7d_0\">Ihr Name<\/label><input name=\"kb_field_0\" id=\"kb_field__12a99e-7d_0\" data-label=\"Ihr Name\" type=\"text\" placeholder=\"\" value=\"\" data-type=\"text\" class=\"kb-field kb-text-style-field kb-text-field kb-field-0\"\/><\/div><div class=\"kadence-blocks-form-field kb-form-field-1 kb-field-desk-width-75 kb-input-size-standard\"><label for=\"kb_field__12a99e-7d_1\">Email<span class=\"required\">*<\/span><\/label><input name=\"kb_field_1\" id=\"kb_field__12a99e-7d_1\" data-label=\"Email\" type=\"email\" placeholder=\"\" value=\"\" data-type=\"email\" class=\"kb-field kb-text-style-field kb-email-field kb-field-1\" data-required=\"yes\"\/><\/div><div class=\"kadence-blocks-form-field kb-form-field-2 kb-field-desk-width-75 kb-input-size-standard\"><label for=\"kb_field__12a99e-7d_2\">Ihre Nachricht<span class=\"required\">*<\/span><\/label><textarea name=\"kb_field_2\" id=\"kb_field__12a99e-7d_2\" data-label=\"Ihre Nachricht\" type=\"textarea\" placeholder=\"\" data-type=\"textarea\" class=\"kb-field kb-text-style-field kb-textarea-field kb-field-2\" rows=\"11\" data-required=\"yes\"><\/textarea><\/div><input type=\"hidden\" name=\"_kb_form_id\" value=\"_12a99e-7d\"\/><input type=\"hidden\" name=\"_kb_form_post_id\" value=\"18\"\/><input type=\"hidden\" name=\"action\" value=\"kb_process_ajax_submit\"\/><label class=\"kadence-verify-label\">Email<input class=\"kadence-blocks-field verify\" type=\"text\" name=\"_kb_verify_email\" autocomplete=\"new-password\" aria-hidden=\"true\" placeholder=\"Email\" tabindex=\"-1\" data-1p-ignore=\"true\" data-lpignore=\"true\" \/><\/label><div class=\"kadence-blocks-form-field kb-submit-field kb-field-desk-width-100\"><button class=\"kb-forms-submit button kb-button-size-standard kb-button-width-auto\">Submit<\/button><\/div><\/form><\/div>\n<noscript><div class=\"kadence-blocks-form-message kadence-blocks-form-warning\">Bitte aktiviere JavaScript in deinem Browser, um dieses Formular fertigzustellen.<\/div><style>.kadence-form-_12a99e-7d .kadence-blocks-form-field.kb-submit-field { display: none; }<\/style><\/noscript>","protected":false},"excerpt":{"rendered":"<p>Sie wollen uns unterst\u00fctzen?Bei uns kann jeder seinen pers\u00f6nlichen Beitrag leisten, sei es durch eine Patenschaft oder durch die Organisation und Durchf\u00fchrung von Basaren und&hellip;<\/p>\n","protected":false},"author":1,"featured_media":0,"parent":0,"menu_order":0,"comment_status":"closed","ping_status":"closed","template":"","meta":{"footnotes":""},"class_list":["post-18","page","type-page","status-publish","hentry"],"_links":{"self":[{"href":"https:\/\/indienhilfe-franklin.de\/index.php?rest_route=\/wp\/v2\/pages\/18","targetHints":{"allow":["GET"]}}],"collection":[{"href":"https:\/\/indienhilfe-franklin.de\/index.php?rest_route=\/wp\/v2\/pages"}],"about":[{"href":"https:\/\/indienhilfe-franklin.de\/index.php?rest_route=\/wp\/v2\/types\/page"}],"author":[{"embeddable":true,"href":"https:\/\/indienhilfe-franklin.de\/index.php?rest_route=\/wp\/v2\/users\/1"}],"replies":[{"embeddable":true,"href":"https:\/\/indienhilfe-franklin.de\/index.php?rest_route=%2Fwp%2Fv2%2Fcomments&post=18"}],"version-history":[{"count":7,"href":"https:\/\/indienhilfe-franklin.de\/index.php?rest_route=\/wp\/v2\/pages\/18\/revisions"}],"predecessor-version":[{"id":451,"href":"https:\/\/indienhilfe-franklin.de\/index.php?rest_route=\/wp\/v2\/pages\/18\/revisions\/451"}],"wp:attachment":[{"href":"https:\/\/indienhilfe-franklin.de\/index.php?rest_route=%2Fwp%2Fv2%2Fmedia&parent=18"}],"curies":[{"name":"wp","href":"https:\/\/api.w.org\/{rel}","templated":true}]}}